47708161
In base 12, what is -87 - -89587?
89500
In base 5, what is 3134124 + -2344?
3131230
In base 15, what is 86d86 + -24?
86d62
In base 14, what is -12247 + -478b?
-169d4
In base 3, what is -10211 - 101211221221?
-101212002202
In base 15, what is e6 - be66?
-bd70
In base 2, what is -10011000001010110100000001000 - -11?
-10011000001010110100000000101
In base 15, what is 2c5 - 1211?
-e3b
In base 6, what is 112 + -2054140221?
-2054140105
In base 7, what is 20 - -51040213?
51040233
In base 16, what is 1f84e - -3a?
1f888
In base 5, what is -3141410 - -3322?
-3133033
In base 5, what is 310034 + -1043241?
-233202
In base 5, what is 421321 - -2002?
423323
In base 12, what is -3 + 4a1b4683?
4a1b4680
In base 10, what is -247 - -1656579?
1656332
In base 12, what is -b4b0 + -2394?
-11884
In base 14, what is -60b2 + -2cbc?
-8d90
In base 3, what is 100101 + 20121212222220?
20121220100021
In base 3, what is -2000111122 + 11200120?
-1211211002
In base 3, what is -100 - -101111000122?
101111000022
In base 15, what is 1e5aab + 2?
1e5aad
In base 6, what is -15 - 15414?
-15433
In base 13, what is -902 - -401?
-501
In base 14, what is -6c945c + 8?
-6c9454
In base 4, what is -33000201302 - -32?
-33000201210
In base 15, what is 13 - -8284d?
82861
In base 14, what is -5 + -a9a52?
-a9a57
In base 10, what is -79 - -3134159?
3134080
In base 13, what is 4c - 26022?
-25ca3
In base 4, what is 0 + -1021211103220?
-1021211103220
In base 11, what is -156aa51 - 4?
-156aa55
In base 15, what is -894e05 + 45?
-894db0
In base 7, what is 164646050 + -3?
164646044
In base 15, what is 3 - -124c6d6?
124c6d9
In base 13, what is -506 - 1a81?
-2287
In base 5, what is -32143 - 231041?
-313234
In base 11, what is 2 - -52206?
52208
In base 9, what is -136655 + -1641?
-138406
In base 12, what is -5 - 2443456?
-244345b
In base 3, what is -2111220020 - -2212?
-2111210101
In base 3, what is 12200112210012 + 1?
12200112210020
In base 5, what is -4123 - -20244230?
20240102
In base 10, what is 16 + -109190?
-109174
In base 2, what is -110110100101101101001101 - -10100?
-110110100101101100111001
In base 13, what is 1738490c + -4?
17384908
In base 15, what is 1d7063 + -1?
1d7062
In base 5, what is 10 - 432314002?
-432313442
In base 10, what is -1865 + -877?
-2742
In base 6, what is -10 + 5505152?
5505142
In base 11, what is -482 - -46455?
45a83
In base 7, what is 2154 + 3030016?
3032203
In base 9, what is 1411 - 5156?
-3645
In base 13, what is 1 - 108b805?
-108b804
In base 7, what is 221003 - 2030?
215643
In base 13, what is -35 - -102c7c2?
102c78a
In base 10, what is -242466700 + 1?
-242466699
In base 2, what is -1011001110011010011 - 110011?
-1011001110100000110
In base 3, what is 1220 - 1121000111210?
-1121000102220
In base 12, what is 208 - -1a202?
1a40a
In base 8, what is -2020514036 - 0?
-2020514036
In base 7, what is 55425 - -2104?
60532
In base 14, what is -d144 - 453?
-d597
In base 16, what is -fac5a - -33?
-fac27
In base 14, what is 2c7b - -213?
3090
In base 15, what is -1982575 + -6?
-198257b
In base 10, what is -8 + -36854589?
-36854597
In base 3, what is -1000201 - -10011202011?
10010201110
In base 2, what is 1010010010 - 11000110110010111001?
-11000110101000100111
In base 3, what is 20220100011 - 110211?
20212212100
In base 2, what is 1101101110010010 + -100010101?
1101101001111101
In base 15, what is 4 - 677983?
-67797e
In base 8, what is 1 - 317071071?
-317071070
In base 13, what is 3b711119 + 3?
3b71111c
In base 13, what is -5 + 1228201?
12281c9
In base 12, what is -64 + -1a5169?
-1a5211
In base 9, what is -76 + -2836620?
-2836706
In base 10, what is 0 + 96904081?
96904081
In base 13, what is 667 + 20339?
209a3
In base 7, what is 3366154 + 12?
3366166
In base 14, what is 7d6 + -ca8?
-4b2
In base 5, what is -142041 - 2244?
-144340
In base 6, what is -20421 - -43302?
22441
In base 7, what is -2010320 + 10044?
-2000243
In base 3, what is -12122112202122 - -2200?
-12122112122222
In base 3, what is 102100120002210 - -12?
102100120002222
In base 10, what is 1024 + -14980?
-13956
In base 12, what is 15b4 - -11665?
13059
In base 10, what is -4 + -1947180?
-1947184
In base 12, what is 2a00a355 - 5?
2a00a350
In base 7, what is -513430 + 16?
-513411
In base 16, what is -3 + 142ec1e?
142ec1b
In base 11, what is 56 - 5a68a?
-5a634
In base 8, what is 104073 + 54?
104147
In base 3, what is -1100212001201 + -100000?
-1100212101201
In base 2, what is -11100101011011011111101 - -10100?
-11100101011011011101001
In base 11, what is 220 - -1415a?
1437a
In base 15, what is 0 - -29b628?
29b628
In base 4, what is -3230330201232 - -2?
-3230330201230
In base 9, what is -3476561 - -34?
-3476526
In base 3, what is -211 + 220202111120?
220202110202
In base 7, what is -116630 - 156?
-120116
In base 12, what is -31b4011 + 3?
-31b400a
In base 9, what is -40583160 + 2?
-40583157
In base 3, what is -202111210011 + 2102?
-202111200202
In base 10, what is -1321857 - 43?
-1321900
In base 14, what is -1242107 + -22?
-1242129
In base 5, what is -10043000 + 1034301?
-4003144
In base 16, what is 3ba - -61ec?
65a6
In base 3, what is 111020222012122211 + 1?
111020222012122212
In base 10, what is -6776 + -15860?
-22636
In base 14, what is a3b55 + -9?
a3b4a
In base 13, what is -58 + 363?
308
In base 8, what is 4057721 + 4?
4057725
In base 13, what is 1c7918c8 + 1?
1c7918c9
In base 7, what is 10210004 + -10424?
10166250
In base 6, what is -2241051 + 511?
-2240140
In base 4, what is 213 + 112232033112?
112232033331
In base 15, what is 60d868 - 1?
60d867
In base 15, what is a93e68 - 5?
a93e63
In base 4, what is 133223110 - 201112?
133021332
In base 2, what is 100100001111 + -101000111?
11111001000
In base 11, what is 24783 - 9233?
16550
In base 3, what is 12011220200 + -1112?
12011212011
In base 11, what is -10 - 26701689?
-26701699
In base 15, what is -16bd + -2d19?
-44d7
In base 9, what is 1633123 - 20?
1633103
In base 6, what is -433102 + 4304?
-424354
In base 10, what is 360594059 + -2?
360594057
In base 9, what is 606250 - 7?
606242
In base 8, what is -2656235 + -13?
-2656250
In base 3, what is -10122201020022002200 - -10?
-10122201020022002120
In base 16, what is 12b35bf - 11?
12b35ae
In base 13, what is 25ac98b - 5?
25ac986
In base 6, what is -2125 + -1135400?
-1141525
In base 6, what is -521351 + -2?
-521353
In base 13, what is -72b19c - 4?
-72b1a3
In base 4, what is -13102112000 - -1?
-13102111333
In base 2, what is 1001011001000111110111100 - -101?
1001011001000111111000001
In base 9, what is 5 - -2664447?
2664453
In base 5, what is 11301 + 20243?
32044
In base 13, what is -134 + -24b3?
-2617
In base 5, what is -3102212411 + -3?
-3102212414
In base 4, what is -1232 - -11023121?
11021223
In base 14, what is -5 + 336541?
33653a
In base 10, what is -71167 + 772?
-70395
In base 14, what is -585b39 + 3?
-585b36
In base 5, what is 1 + 14320122231?
14320122232
In base 12, what is -11a5 + -38763?
-39948
In base 2, what is -10000010111000001111001 + -10000?
-10000010111000010001001
In base 11, what is -9104 + 3386?
-5829
In base 5, what is -10 + 13332043203?
13332043143
In base 10, what is 262654 + -91?
262563
In base 4, what is 103130212201 - 10?
103130212131
In base 14, what is -982d2d1 - -2?
-982d2cd
In base 13, what is 43996 + 28c?
43c55
In base 15, what is 259a4b5 + 4?
259a4b9
In base 4, what is 3130323 - -33122?
3230111
In base 12, what is 3157a + 233?
317b1
In base 3, what is 10022102202 - -1012121?
10100122100
In base 2, what is -1011001110101100001001 - -1?
-1011001110101100001000
In base 5, what is 140004411 - -1104?
140011020
In base 10, what is -486600 - 189?
-486789
In base 6, what is -43130355 + 11?
-43130344
In base 9, what is 41 + 646501?
646542
In base 16, what is 5 + -3ab8bf?
-3ab8ba
In base 3, what is -1000010 - 12120101021?
-12121101101
In base 7, what is 240411 - -225?
240636
In base 14, what is 6866 + -608?
625c
In base 10, what is 21 + 1767924?
1767945
In base 9, what is 204517 - -851?
205468
In base 14, what is -4b5 - 3b6c4?
-3bb99
In base 2, what is -11111001110111011 - -1?
-11111001110111010
In base 16, what is 4e - -1243a?
12488
In base 14, what is -2229c8d3 - -1?
-2229c8d2
In base 10, what is 23048 - -840?
23888
In base 14, what is -1002 + -1b72?
-2b74
In base 14, what is -aa82 + c77?
-9c09
I